 6*h**2 + 16*h - 8. Let n be y(-8). Determine u(n).
-6
Let f(q) = 5*q**3 - 5*q**2 - 12*q + 6. Let t(i) = 6*i**3 - 7*i**2 - 13*i + 7. Let d(u) = -7*f(u) + 6*t(u). Calculate d(5).
-20
Let n = -1 + 7. Suppose -3*c + 21 = -4*p + 1, -3*c = -p - 14. Let r(d) = 3 + 1 - c + 1 + d**3 - 5*d**2 - 5*d. What is r(n)?
7
Let f = 48 - 46. Suppose f*k - 50 = -48. Let u(a) = 3*a**3 + 2*a - 1. What is u(k)?
4
Let f be (-15)/9*(-24)/20. Let y(x) = 3*x**f - 5*x**2 - 1 - 3*x**2 + 2*x**2 - 2*x. Determine y(-2).
-9
Suppose 0 = -5*q + 4*q - 2*q. Suppose 0 = x - 5 - q. Let j(c) = -c**3 + 6*c**2 - 5*c - 4. Give j(x).
-4
Let k(s) = s + 7. Suppose -28*o - 292 + 40 = 0. Give k(o).
-2
Let d(z) = z - 12. Suppose 0 = -31*v - 5*v. What is d(v)?
-12
Suppose 4 = 5*t + 4*q, -22 = 3*q - 10. Let v(x) be the first derivative of -x - t - 1/2*x**2. What is v(2)?
-3
Suppose -4*w - 31 = -5*h, -30 = -0*h - 4*h - 2*w. Let r(f) = 13*f + 10 + 11505*f**2 - 5*f - 11506*f**2. Give r(h).
17
Let d(g) be the first derivative of -2*g**3/3 + g**2/2 + 30. Calculate d(-2).
-10
Let k(r) be the third derivative of -r**4/24 + 17*r**3/6 + 152*r**2. Calculate k(6).
11
Let g(t) = -t**3 - 3*t + 28 - 28 + 2*t. Let w be g(-1). Let r = 8 - w. Let a(h) = -h**3 + 5*h**2 + 6*h - 5. Determine a(r).
-5
Let x(a) = -a**2 - 2*a + 3. Let n be 1*(4 - 1) - (-27)/27. Suppose -3*v = n - 10. Determine x(v).
-5
Let g(j) be the second derivative of -j**7/2520 + j**6/144 + j**5/40 - 7*j**4/12 + 33*j. Let s(h) be the third derivative of g(h). What is s(6)?
-3
Let d(u) = -44*u - 39*u - 1 + 81*u + 1 + 2. What is d(-1)?
4
Let y(z) be the first derivative of -z**5/60 - z**4/12 - 2*z**3/3 + 9. Let o(b) be the third derivative of y(b). Let x = 5 - 2. What is o(x)?
-8
Let s(a) = a**3 + a**2 - 2*a - 2. Suppose 5*o - c - 84 = 0, -c + 0*c = o - 12. Suppose -4*i = -o + 44. Let l = -9 - i. Calculate s(l).
-2
Let b(y) = 24*y + 4*y**2 + 15*y - 40*y. Determine b(-1).
5
Let b(p) be the first derivative of p**4/4 - 2*p**3/3 - 5*p**2/2 + 6*p + 55. Give b(3).
0
Let d = 34 - 20. Let x = 19 - d. Let o(j) = 7*j - 4. Let f(a) = -6*a + 4. Let z(r) = -6*f(r) - 5*o(r). What is z(x)?
1
Let r(b) = b**2 + 17*b - 7. Suppose 0 = 841*s - 846*s - 60. Determine r(s).
-67
Let s(w) = 7*w**3 - 9*w**2 + 2*w - 1. Let a(i) = 4*i - i**3 + 1 + 4*i - 9*i - 3*i**2 + 4*i**2. Let m(b) = -6*a(b) - s(b). Suppose x - 4*x = -12. Determine m(x).
-5
Let o(t) = -7*t**3 - 7*t**2 + 2*t - 3. Let d(a) = 9 + 20*a**2 - 6*a + 69*a**3 - 49*a**3 + 0*a. Let u(p) = 6*d(p) + 17*o(p). Calculate u(-3).
-9
Let l(k) = k - 6. Suppose 0 = -2*y - 4*h + 22, -y + 4*h - 8*h + 21 = 0. Let n be ((-3)/6*0 - y)*-6. Calculate l(n).
0
Let c(q) = q**3 - 4*q**2 - 4*q. Suppose -5*d = -21 - 179. Suppose t - d = -3*t. Let y be t/(2 + 1 + -1). What is c(y)?
5
Let a be (-1)/4*-2*2. Let s(k) be the second derivative of -3*k**3/2 - k**2/2 + 183*k - 2. What is s(a)?
-10
Let n(a) = a**3 + a**2 - a - 2. Let k = -21 - -44. Let y = -33 + k. Let w = -10 - y. Calculate n(w).
-2
Let w(b) be the first derivative of 2*b**2 + 8*b - 129. What is w(12)?
56
Let u(n) = 2*n**2 - 20*n + 5*n + 8*n + 6*n + 3*n. Determine u(-1).
0
Let s = 10 - 7. Let j(q) = 0*q + 3*q - s - 5*q + 1. What is j(2)?
-6
Let z(l) be the third derivative of l**5/60 - l**4/12 + l**2. Suppose -79 = 5*i + 1. Let x = -12 - i. Give z(x).
8
Suppose -5*c + 2*c - 6 = 0. Let l(m) = -2*m**3 - m**2 - m + 1. Let t(r) = -4*r**3 - 2*r**2 - 3*r + 2. Let o(h) = 9*l(h) - 4*t(h). Determine o(c).
7
Let m(q) = 13*q. Suppose 4*d + k + 2*k + 16 = 0, 4*d + 24 = -k. Let o(t) = 6*t. Let j(i) = d*o(i) + 3*m(i). What is j(-1)?
3
Let t(u) be the first derivative of 1/3*u**3 + 47 - 4*u**2 + 4*u. Determine t(5).
-11
Let b(a) = -a**3 - 3*a**2 - a + 1. Suppose -2*d - 2 = 2. Let t be (-36)/24 - d/(-4). Let z be (21/(-14))/(t/(-4)). Calculate b(z).
4
Let o(j) = j**3 - j**2 - j - 1. Let r be 60*1*(-6)/(-15). Suppose -10*s = -18*s - 192. Let v = r + s. Calculate o(v).
-1
Let i(l) = 6*l**2 - l. Let h(q) = -13*q**2 + q + 1. Let a(b) = 4*h(b) + 9*i(b). Suppose n - 6 = -2*s, 5*s + 0*s - 4*n = 15. Determine a(s).
7
Let u(x) = 2*x**2 + 36*x + 42. Let n be u(-17). Let f(d) = -d**2 + 8*d - 11. Determine f(n).
-11
Let y(v) = v**3 - 30*v**2 + 82*v - 22. Let u be y(27). Let m(o) = -o**3 + 4*o**2 + 5*o - 5. What is m(u)?
-5
Let a(n) = -n**3 - 5*n**2 - 4*n. Let y = 19 + -14. Suppose 1 = -y*i - r - 4, -r = -4*i + 5. Suppose t = -4*j - 11, -4*t - 2*j - j - 18 = i. What is a(t)?
-6
Let c(p) = 2 + p + 11 + 9 - 26. Give c(0).
-4
Let z(n) be the third derivative of -n**6/120 + n**5/10 + 3*n**4/8 - 2*n**3 + 104*n**2. Determine z(7).
2
Let n(v) = -10*v - 1. Let i be 2 - 1 - (-6)/2. Suppose 0 = -i*t + 5*w + 11, -3*w - 5 = -4*t - 0. Let u be (-1)/(t/(-2 - -3)). Give n(u).
-11
Suppose 12 = l + l. Let u = 10 - l. Let d(p) be the first derivative of p**3/3 - p**2 + p - 88. Give d(u).
9
Let m(n) be the third derivative of 7/6*n**3 + 0*n + 10*n**2 + 0 + 1/12*n**4. Calculate m(-5).
-3
Let d(n) = -23*n**2 + 8*n - 24. Let h(v) = 15*v**2 - 7*v + 25. Let b(i) = 2*d(i) + 3*h(i). Determine b(-9).
-9
Let o(v) be the second derivative of v**7/1260 - 7*v**6/720 + v**5/30 - v**4/6 + 11*v**2/2 + 5*v - 5. Let g(a) be the third derivative of o(a). What is g(4)?
8
Let u(j) = -2 + 2 + 0*j**2 + j**2 - 6*j - 1. Let l be u(7). Let c(m) = m - 1. What is c(l)?
5
Let p = 16 + -8. Suppose 10*h = p*h. Let t(f) = f**2 - f - 1. Give t(h).
-1
Let n(t) = 11*t**3 + t**2 - 6*t - 1. Let y(k) = k**3 - k. Let o(c) = n(c) - 6*y(c). Let x = 2 + -3. What is o(x)?
-5
Let c(m) be the third derivative of -m**5/60 + m**4/3 - 2*m**3/3 + m**2 + 28. Determine c(7).
3
Suppose 16*n - 17*n = -3. Let q(s) = 5*s - 10. Calculate q(n).
5
Let l(w) = -6*w + 2. Let d be l(2). Let m(z) be the second derivative of z**4/12 + 11*z**3/6 + 5*z**2 - 4419*z. Calculate m(d).
0
Let p = -492 + 488. Let w(x) = 3*x**2 + 7*x + 10. Give w(p).
30
Let f(b) = b**3 - 3*b**2 - 2*b - 2. Suppose x + 4*w = -7, 12 - 36 = -4*x - 3*w. Suppose y + x = 4*y. Calculate f(y).
-8
Suppose 2*n + 5*p = p, -4*n - 5*p = 6. Let d(y) = y**3 + 5*y**2 - 2*y - 1. Let v(s) = -s**2 - s - 1. Let m(c) = -d(c) - 2*v(c). Give m(n).
3
Let i(q) = 2*q**2 - q**2 - 4*q**3 + 3*q**3 - 10. Suppose 0 = z + 5 - 11. Suppose 0 = 2*m + 2*m - z*m. What is i(m)?
-10
Let x(y) = y**3 - 6*y**2 + 5*y - 7. Let g be -5 + 5 + 5 + -2. Suppose -r - 1 = 2*m - g*m, -4*m + 40 = 5*r. What is x(m)?
-7
Let u be (-2)/(-16) + (3 - (-979)/(-88)). Let d(c) = -4*c - 12. Calculate d(u).
20
Let b(w) = -w**2 - 7*w - 3. Let k be 40/(-6) - (-16)/24. Let n be b(k). Let t(m) = -4*m + 6. Let a(p) = p - 1. Let y(g) = -3*a(g) - t(g). Calculate y(n).
0
Let k = 126 - 129. Let g(l) = l**2 + 2*l - 1. Calculate g(k).
2
Let u(k) = 17*k**3 + 12 + 138*k - 139*k - 14. Calculate u(-1).
-18
Let p(j) = -12 - 21*j + 43*j - 12*j + 17. Determine p(2).
25
Let j(r) = r + 1. Let w(k) = 7*k + 2. Let a(s) = 6*j(s) - w(s). Suppose 63*g + 245 - 321 = 491. Calculate a(g).
-5
Let i(c) = 2*c**2 - 29*c - 44. Let x be i(16). Let g(o) = o + 6. Determine g(x).
10
Let n(m) = -m**3 + m**2 + m + 1. Let g(i) = 4 + 8*i + 8*i**2 - 9*i**3 - 3*i - 3*i**2. Let u(o) = -g(o) + 5*n(o). Give u(-1).
-3
Let x(y) = -y**2 - 2*y - 1. Let m = 52 - 53. Let k be ((-2)/((-20)/(-15)))/(m/2). Determine x(k).
-16
Let r(h) = h**3 + 5*h**2 - 2*h - 16. Let q be r(-5). Let l(c) = c**2 + 7*c + 7. Give l(q).
1
Suppose -13 = -4*h + 3. Let k be (-42)/(-8) - h/16. Let b(i) = -5*i - 23*i + 26*i + 1. Calculate b(k).
-9
Let v = -1471 + 1473. Let f(t) = -3*t**2 + 4*t + 1. Determine f(v).
-3
Let s = 9 - 1. Suppose -2*y - 2*v = -10, -3*y + s = -4*v + 28. Let u(g) = g**2 - g**3 + 981*g - 14 - 981*g. What is u(y)?
-14
Suppose 8 = -0*u + 4*u. Let s(c) = 15*c + 16*c - 30*c + 2*c**3 - 2*c**u - 3*c**3. Determine s(-3).
6
Let i(c) = 378 + c - 8*c**2 + 0*c - 378. Let d(s) = -s**3 - 5*s**2 - 5*s - 3. Let g be d(-4). Calculate i(g).
-7
Let g be -1*2 - (-10 + 4). Suppose p - g = -2. Suppose -2*f + a + p + 2 = 0, -5*a + 25 = 5*f. Let l(w) = w**3 - 3*w**2 - 1. What is l(f)?
-1
Let j(z) = 2*z**2 - z + 1. Let x(h) = 5*h**2 + 12*h + 20. Let b(m) = -2*j(m) + x(m). What is b(-13)?
5
Let s(i) = 4*i - 4. Let r = -363 - -357. What is s(r)?
-28
Let x(u) = -3*u**3 + u**2 - u + 1. Let s(h) = 4*h**3 - 4*h**2 + h + 1. Let r(o) = s(o) + x(o). What is r(-